{"id":40,"date":"2026-01-04T20:01:35","date_gmt":"2026-01-04T19:01:35","guid":{"rendered":"http:\/\/thermonest.com.pl\/?page_id=40"},"modified":"2026-01-04T20:02:38","modified_gmt":"2026-01-04T19:02:38","slug":"elementor-40","status":"publish","type":"page","link":"https:\/\/thermonest.com.pl\/?page_id=40","title":{"rendered":"Elementor #40"},"content":{"rendered":"\t\t<div data-elementor-type=\"wp-post\" data-elementor-id=\"40\" class=\"elementor elementor-40\">\n\t\t\t\t<div class=\"elementor-element elementor-element-c875c9e e-flex e-con-boxed e-con e-parent\" data-id=\"c875c9e\" data-element_type=\"container\" data-settings=\"{&quot;background_background&quot;:&quot;classic&quot;}\">\n\t\t\t\t\t<div class=\"e-con-inner\">\n\t\t\t\t\t<\/div>\n\t\t\t\t<\/div>\n\t\t<div class=\"elementor-element elementor-element-34d6410 e-flex e-con-boxed e-con e-parent\" data-id=\"34d6410\" data-element_type=\"container\">\n\t\t\t\t\t<div class=\"e-con-inner\">\n\t\t\t\t<div class=\"elementor-element elementor-element-fa89a79 elementor-widget elementor-widget-heading\" data-id=\"fa89a79\" data-element_type=\"widget\" data-widget_type=\"heading.default\">\n\t\t\t\t\t<h2 class=\"elementor-heading-title elementor-size-default\">ThermoNest \u2013 termoizolacja wdmuchiwana\n<\/h2>\t\t\t\t<\/div>\n\t\t\t\t\t<\/div>\n\t\t\t\t<\/div>\n\t\t<div class=\"elementor-element elementor-element-ea2584c e-flex e-con-boxed e-con e-parent\" data-id=\"ea2584c\" data-element_type=\"container\">\n\t\t\t\t\t<div class=\"e-con-inner\">\n\t\t\t\t<div class=\"elementor-element elementor-element-d631ae8 elementor-widget elementor-widget-heading\" data-id=\"d631ae8\" data-element_type=\"widget\" data-widget_type=\"heading.default\">\n\t\t\t\t\t<h2 class=\"elementor-heading-title elementor-size-default\">Ocieplamy poddasza, stropy i \u015bciany metod\u0105 wdmuchiwania z wykorzystaniem celulozy oraz w\u0142\u00f3kna drzewnego.\n<\/h2>\t\t\t\t<\/div>\n\t\t\t\t\t<\/div>\n\t\t\t\t<\/div>\n\t\t<div class=\"elementor-element elementor-element-d9fec73 e-flex e-con-boxed e-con e-parent\" data-id=\"d9fec73\" data-element_type=\"container\">\n\t\t\t\t\t<div class=\"e-con-inner\">\n\t\t\t\t<div class=\"elementor-element elementor-element-8177c56 elementor-widget elementor-widget-heading\" data-id=\"8177c56\" data-element_type=\"widget\" data-widget_type=\"heading.default\">\n\t\t\t\t\t<h2 class=\"elementor-heading-title elementor-size-default\">O NAS - W ThermoNest \u0142\u0105czymy do\u015bwiadczenie, nowoczesne technologie i naturalne materia\u0142y, aby Twoje wn\u0119trza by\u0142y ciep\u0142e zim\u0105 i przyjemnie ch\u0142odne latem. Specjalizujemy si\u0119 w termoizolacji wdmuchiwanej z wykorzystaniem celulozy i w\u0142\u00f3kna drzewnego \u2013 metodzie szybkiej, skutecznej i bezinwazyjnej.\n\nKa\u017cdy dom traktujemy indywidualnie \u2013 dok\u0142adnie dobieramy materia\u0142 i technik\u0119, aby uzyska\u0107 maksymaln\u0105 izolacj\u0119 przy minimalnym ba\u0142aganie. Dzia\u0142amy szybko, precyzyjnie i ekologicznie, daj\u0105c realne oszcz\u0119dno\u015bci energii oraz komfort, na kt\u00f3ry zas\u0142ugujesz.\n\nThermoNest to gwarancja jako\u015bci, profesjonalizmu i trwa\u0142ych efekt\u00f3w \u2013 bez niepotrzebnych remont\u00f3w i strat czasu. Z nami Tw\u00f3j dom b\u0119dzie dobrze chroniony i energooszcz\u0119dny.\n<\/h2>\t\t\t\t<\/div>\n\t\t\t\t\t<\/div>\n\t\t\t\t<\/div>\n\t\t\t\t<\/div>\n\t\t","protected":false},"excerpt":{"rendered":"<p>ThermoNest \u2013 termoizolacja wdmuchiwana Ocieplamy poddasza, stropy i \u015bciany metod\u0105 wdmuchiwania z wykorzystaniem celulozy oraz w\u0142\u00f3kna drzewnego. O NAS &#8211; [&hellip;]<\/p>\n","protected":false},"author":1,"featured_media":0,"parent":0,"menu_order":0,"comment_status":"closed","ping_status":"closed","template":"","meta":{"site-sidebar-layout":"no-sidebar","site-content-layout":"","ast-site-content-layout":"full-width-container","site-content-style":"default","site-sidebar-style":"default","ast-global-header-display":"","ast-banner-title-visibility":"","ast-main-header-display":"","ast-hfb-above-header-display":"","ast-hfb-below-header-display":"","ast-hfb-mobile-header-display":"","site-post-title":"","ast-breadcrumbs-content":"","ast-featured-img":"disabled","footer-sml-layout":"","ast-disable-related-posts":"","theme-transparent-header-meta":"","adv-header-id-meta":"","stick-header-meta":"","header-above-stick-meta":"","header-main-stick-meta":"","header-below-stick-meta":"","astra-migrate-meta-layouts":"default","ast-page-background-enabled":"default","ast-page-background-meta":{"desktop":{"background-color":"var(--ast-global-color-5)","background-image":"","background-repeat":"repeat","background-position":"center center","background-size":"auto","background-attachment":"scroll","background-type":"","background-media":"","overlay-type":"","overlay-color":"","overlay-opacity":"","overlay-gradient":""},"tablet":{"background-color":"","background-image":"","background-repeat":"repeat","background-position":"center center","background-size":"auto","background-attachment":"scroll","background-type":"","background-media":"","overlay-type":"","overlay-color":"","overlay-opacity":"","overlay-gradient":""},"mobile":{"background-color":"","background-image":"","background-repeat":"repeat","background-position":"center center","background-size":"auto","background-attachment":"scroll","background-type":"","background-media":"","overlay-type":"","overlay-color":"","overlay-opacity":"","overlay-gradient":""}},"ast-content-background-meta":{"desktop":{"background-color":"var(--ast-global-color-4)","background-image":"","background-repeat":"repeat","background-position":"center center","background-size":"auto","background-attachment":"scroll","background-type":"","background-media":"","overlay-type":"","overlay-color":"","overlay-opacity":"","overlay-gradient":""},"tablet":{"background-color":"var(--ast-global-color-4)","background-image":"","background-repeat":"repeat","background-position":"center center","background-size":"auto","background-attachment":"scroll","background-type":"","background-media":"","overlay-type":"","overlay-color":"","overlay-opacity":"","overlay-gradient":""},"mobile":{"background-color":"var(--ast-global-color-4)","background-image":"","background-repeat":"repeat","background-position":"center center","background-size":"auto","background-attachment":"scroll","background-type":"","background-media":"","overlay-type":"","overlay-color":"","overlay-opacity":"","overlay-gradient":""}},"footnotes":""},"class_list":["post-40","page","type-page","status-publish","hentry"],"yoast_head":"<!-- This site is optimized with the Yoast SEO plugin v26.6 - https:\/\/yoast.com\/wordpress\/plugins\/seo\/ -->\n<title>Elementor #40 -<\/title>\n<meta name=\"robots\" content=\"index, follow, max-snippet:-1, max-image-preview:large, max-video-preview:-1\" \/>\n<link rel=\"canonical\" href=\"https:\/\/thermonest.com.pl\/?page_id=40\" \/>\n<meta property=\"og:locale\" content=\"en_US\" \/>\n<meta property=\"og:type\" content=\"article\" \/>\n<meta property=\"og:title\" content=\"Elementor #40 -\" \/>\n<meta property=\"og:description\" content=\"ThermoNest \u2013 termoizolacja wdmuchiwana Ocieplamy poddasza, stropy i \u015bciany metod\u0105 wdmuchiwania z wykorzystaniem celulozy oraz w\u0142\u00f3kna drzewnego. O NAS &#8211; [&hellip;]\" \/>\n<meta property=\"og:url\" content=\"https:\/\/thermonest.com.pl\/?page_id=40\" \/>\n<meta property=\"article:modified_time\" content=\"2026-01-04T19:02:38+00:00\" \/>\n<meta name=\"twitter:card\" content=\"summary_large_image\" \/>\n<meta name=\"twitter:label1\" content=\"Est. reading time\" \/>\n\t<meta name=\"twitter:data1\" content=\"1 minute\" \/>\n<script type=\"application\/ld+json\" class=\"yoast-schema-graph\">{\"@context\":\"https:\/\/schema.org\",\"@graph\":[{\"@type\":\"WebPage\",\"@id\":\"https:\/\/thermonest.com.pl\/?page_id=40\",\"url\":\"https:\/\/thermonest.com.pl\/?page_id=40\",\"name\":\"Elementor #40 -\",\"isPartOf\":{\"@id\":\"https:\/\/thermonest.com.pl\/#website\"},\"datePublished\":\"2026-01-04T19:01:35+00:00\",\"dateModified\":\"2026-01-04T19:02:38+00:00\",\"breadcrumb\":{\"@id\":\"https:\/\/thermonest.com.pl\/?page_id=40#breadcrumb\"},\"inLanguage\":\"en-US\",\"potentialAction\":[{\"@type\":\"ReadAction\",\"target\":[\"https:\/\/thermonest.com.pl\/?page_id=40\"]}]},{\"@type\":\"BreadcrumbList\",\"@id\":\"https:\/\/thermonest.com.pl\/?page_id=40#breadcrumb\",\"itemListElement\":[{\"@type\":\"ListItem\",\"position\":1,\"name\":\"Home\",\"item\":\"https:\/\/thermonest.com.pl\/\"},{\"@type\":\"ListItem\",\"position\":2,\"name\":\"Elementor #40\"}]},{\"@type\":\"WebSite\",\"@id\":\"https:\/\/thermonest.com.pl\/#website\",\"url\":\"https:\/\/thermonest.com.pl\/\",\"name\":\"\",\"description\":\"\",\"potentialAction\":[{\"@type\":\"SearchAction\",\"target\":{\"@type\":\"EntryPoint\",\"urlTemplate\":\"https:\/\/thermonest.com.pl\/?s={search_term_string}\"},\"query-input\":{\"@type\":\"PropertyValueSpecification\",\"valueRequired\":true,\"valueName\":\"search_term_string\"}}],\"inLanguage\":\"en-US\"}]}<\/script>\n<!-- \/ Yoast SEO plugin. -->","yoast_head_json":{"title":"Elementor #40 -","robots":{"index":"index","follow":"follow","max-snippet":"max-snippet:-1","max-image-preview":"max-image-preview:large","max-video-preview":"max-video-preview:-1"},"canonical":"https:\/\/thermonest.com.pl\/?page_id=40","og_locale":"en_US","og_type":"article","og_title":"Elementor #40 -","og_description":"ThermoNest \u2013 termoizolacja wdmuchiwana Ocieplamy poddasza, stropy i \u015bciany metod\u0105 wdmuchiwania z wykorzystaniem celulozy oraz w\u0142\u00f3kna drzewnego. O NAS &#8211; [&hellip;]","og_url":"https:\/\/thermonest.com.pl\/?page_id=40","article_modified_time":"2026-01-04T19:02:38+00:00","twitter_card":"summary_large_image","twitter_misc":{"Est. reading time":"1 minute"},"schema":{"@context":"https:\/\/schema.org","@graph":[{"@type":"WebPage","@id":"https:\/\/thermonest.com.pl\/?page_id=40","url":"https:\/\/thermonest.com.pl\/?page_id=40","name":"Elementor #40 -","isPartOf":{"@id":"https:\/\/thermonest.com.pl\/#website"},"datePublished":"2026-01-04T19:01:35+00:00","dateModified":"2026-01-04T19:02:38+00:00","breadcrumb":{"@id":"https:\/\/thermonest.com.pl\/?page_id=40#breadcrumb"},"inLanguage":"en-US","potentialAction":[{"@type":"ReadAction","target":["https:\/\/thermonest.com.pl\/?page_id=40"]}]},{"@type":"BreadcrumbList","@id":"https:\/\/thermonest.com.pl\/?page_id=40#breadcrumb","itemListElement":[{"@type":"ListItem","position":1,"name":"Home","item":"https:\/\/thermonest.com.pl\/"},{"@type":"ListItem","position":2,"name":"Elementor #40"}]},{"@type":"WebSite","@id":"https:\/\/thermonest.com.pl\/#website","url":"https:\/\/thermonest.com.pl\/","name":"","description":"","potentialAction":[{"@type":"SearchAction","target":{"@type":"EntryPoint","urlTemplate":"https:\/\/thermonest.com.pl\/?s={search_term_string}"},"query-input":{"@type":"PropertyValueSpecification","valueRequired":true,"valueName":"search_term_string"}}],"inLanguage":"en-US"}]}},"_links":{"self":[{"href":"https:\/\/thermonest.com.pl\/index.php?rest_route=\/wp\/v2\/pages\/40","targetHints":{"allow":["GET"]}}],"collection":[{"href":"https:\/\/thermonest.com.pl\/index.php?rest_route=\/wp\/v2\/pages"}],"about":[{"href":"https:\/\/thermonest.com.pl\/index.php?rest_route=\/wp\/v2\/types\/page"}],"author":[{"embeddable":true,"href":"https:\/\/thermonest.com.pl\/index.php?rest_route=\/wp\/v2\/users\/1"}],"replies":[{"embeddable":true,"href":"https:\/\/thermonest.com.pl\/index.php?rest_route=%2Fwp%2Fv2%2Fcomments&post=40"}],"version-history":[{"count":8,"href":"https:\/\/thermonest.com.pl\/index.php?rest_route=\/wp\/v2\/pages\/40\/revisions"}],"predecessor-version":[{"id":50,"href":"https:\/\/thermonest.com.pl\/index.php?rest_route=\/wp\/v2\/pages\/40\/revisions\/50"}],"wp:attachment":[{"href":"https:\/\/thermonest.com.pl\/index.php?rest_route=%2Fwp%2Fv2%2Fmedia&parent=40"}],"curies":[{"name":"wp","href":"https:\/\/api.w.org\/{rel}","templated":true}]}}